{"id":5,"date":"2024-04-25T22:03:55","date_gmt":"2024-04-25T20:03:55","guid":{"rendered":"https:\/\/aquaforzen.fr\/?page_id=5"},"modified":"2025-01-11T22:13:03","modified_gmt":"2025-01-11T21:13:03","slug":"accueil","status":"publish","type":"page","link":"https:\/\/aquaforzen.fr\/index.php\/accueil\/","title":{"rendered":"Accueil"},"content":{"rendered":"\n<p>Bienvenue chez Aqua for Zen&nbsp;!<\/p>\n\n\n\n<p>Venez d\u00e9couvrir pour la 1\u00e8re fois sur Amiens, un institut de bien-\u00eatre qui allie \u00e0 la fois le sport en piscine et les soins traditionnels d&rsquo;un institut de beaut\u00e9 et d&rsquo;un SPA.<\/p>\n\n\n\n<p>Pour d\u00e9couvrir de nouvelles sensations de d\u00e9tente apr\u00e8s une s\u00e9ance de sport intense d&rsquo;Aquagym suivie d&rsquo;un moment zen de soins au choix (modelages visages, corps, r\u00e9flexologie plantaire ou Jaccuzi).<\/p>\n\n\n\n<p>Pour votre enti\u00e8re satisfaction, tous les soins propos\u00e9s sont enti\u00e8rement modulables et \u00e0 la carte selon vos envies et vos besoins et adapt\u00e9s \u00e0 vos capacit\u00e9s physiques et sportives.<\/p>\n\n\n\n<p>Pour votre plus grand plaisir, tous les soins se font uniquement sur r\u00e9servation<\/p>\n\n\n\n<p>Pour votre confort, votre s\u00e9curit\u00e9 et votre bien-\u00eatre  tous les soins propos\u00e9s sont pratiqu\u00e9s avec la plus grande rigueur et tout le professionnalisme n\u00e9cessaire par M\u00e9lanie fondatrice d&rsquo;Aqua for Zen : Esth\u00e9ticienne Dipl\u00f4m\u00e9e d&rsquo;Etat, Praticienne du Bien-\u00eatre affili\u00e9e \u00e0 la F\u00e9d\u00e9ration Fran\u00e7aise des massages Bien-\u00eatre (FFMBE) depuis 2006, titulaire du Dipl\u00f4me d&rsquo;Agent d&rsquo;Accompagnement en Station Thermale et en Centre de Remise en Forme, titulaire du BSB (Brevet surveillant de Baignade) et \u00e9galement du PSC1 (Pr\u00e9vention et Secours Civiques de niveau 1).<\/p>\n\n\n\n<p>Un questionnaire pour s&rsquo;assurer de votre aptitude \u00e0 acc\u00e9der aux soins baln\u00e9o vous sera demand\u00e9 avant chaque 1\u00e8re s\u00e9ance comme en cure thermale ou en thalassoth\u00e9rapie.<\/p>\n","protected":false},"excerpt":{"rendered":"<p>Bienvenue chez Aqua for Zen&nbsp;! Venez d\u00e9couvrir pour la 1\u00e8re fois sur Amiens, un institut de bien-\u00eatre qui allie \u00e0 la fois le sport en piscine et les soins traditionnels &hellip; <\/p>\n","protected":false},"author":1,"featured_media":0,"parent":0,"menu_order":0,"comment_status":"closed","ping_status":"closed","template":"","meta":{"footnotes":""},"class_list":["post-5","page","type-page","status-publish","hentry"],"_links":{"self":[{"href":"https:\/\/aquaforzen.fr\/index.php\/wp-json\/wp\/v2\/pages\/5","targetHints":{"allow":["GET"]}}],"collection":[{"href":"https:\/\/aquaforzen.fr\/index.php\/wp-json\/wp\/v2\/pages"}],"about":[{"href":"https:\/\/aquaforzen.fr\/index.php\/wp-json\/wp\/v2\/types\/page"}],"author":[{"embeddable":true,"href":"https:\/\/aquaforzen.fr\/index.php\/wp-json\/wp\/v2\/users\/1"}],"replies":[{"embeddable":true,"href":"https:\/\/aquaforzen.fr\/index.php\/wp-json\/wp\/v2\/comments?post=5"}],"version-history":[{"count":6,"href":"https:\/\/aquaforzen.fr\/index.php\/wp-json\/wp\/v2\/pages\/5\/revisions"}],"predecessor-version":[{"id":99,"href":"https:\/\/aquaforzen.fr\/index.php\/wp-json\/wp\/v2\/pages\/5\/revisions\/99"}],"wp:attachment":[{"href":"https:\/\/aquaforzen.fr\/index.php\/wp-json\/wp\/v2\/media?parent=5"}],"curies":[{"name":"wp","href":"https:\/\/api.w.org\/{rel}","templated":true}]}}