{"id":53,"date":"2024-05-09T18:44:16","date_gmt":"2024-05-09T16:44:16","guid":{"rendered":"https:\/\/aquaforzen.fr\/?page_id=53"},"modified":"2025-05-10T12:26:28","modified_gmt":"2025-05-10T10:26:28","slug":"les-formules-aquaforzen","status":"publish","type":"page","link":"https:\/\/aquaforzen.fr\/index.php\/les-formules-aquaforzen\/","title":{"rendered":"Les Formules Aqua for Zen"},"content":{"rendered":"\n<p><strong><em>Choisissez la formule adapt\u00e9e \u00e0 vos besoins<\/em><\/strong><\/p>\n\n\n\n<ul class=\"wp-block-list\">\n<li><em>Aqua 4 Zen<\/em> : <strong>l&rsquo;aqua for zen: la formule phare qui r\u00e9unit 4 soins en 1 formule compl\u00e8te : le sport en piscine, la r\u00e9flexologie plantaire en quelques man\u0153uvres pour aider \u00e0 favoriser l&rsquo;\u00e9limination des toxines, le robot professionnel utilis\u00e9 en thalassoth\u00e9rapie pour drainer et casser les mol\u00e9cules graisseuses et terminer par un soin zen relaxant au choix ( rituel indien de la t\u00eate, modelages dos ou visage<\/strong>) <\/li>\n\n\n\n<li><em>Aqua 2 Zen<\/em> : <strong>l&rsquo;Aqua to zen 2 soins au choix en 1 formule pour plus de sport ou plus de d\u00e9tente au <\/strong>choix<\/li>\n<\/ul>\n\n\n\n<ul class=\"wp-block-list\">\n<li><em>Aqua Sport Zen<\/em><strong> <\/strong>: <strong>sport intensif en piscine et en musique cibl\u00e9 pour les sportifs qui veulent \u00e9liminer davantage et raffermir leur silhouette<\/strong><\/li>\n<\/ul>\n\n\n\n<ul class=\"wp-block-list\">\n<li><em>Aqua Bulles Zen<\/em> : <strong>pour une d\u00e9tente en jacuzzi alli\u00e9 \u00e0 autre soin au choix \u00e0 la carte et une boisson \u00e0 bulles offerte dans le Jacuzzi<\/strong><\/li>\n<\/ul>\n\n\n\n<ul class=\"wp-block-list\">\n<li><em>Aqua Jaccuz Zen<\/em> : <strong>Pour profiter d&rsquo;un moment zen dans le Jaccuzi, seule, entre amies ou en couple, pour prendre un temps pour soi dans une eau chaude en baln\u00e9oth\u00e9rapie.<\/strong><\/li>\n<\/ul>\n\n\n\n<ul class=\"wp-block-list\">\n<li><em>Aqua Cool Zen<\/em>:<strong> pour un moment de bien-\u00eatre et de d\u00e9tente absolue ( rituel soin du corps ou soin du visage au choix)<\/strong><\/li>\n<\/ul>\n\n\n\n<ul class=\"wp-block-list\">\n<li><em>Aqua Slim Zen<\/em><strong> :<\/strong><strong> <\/strong><strong>pour amincir votre silhouette en plusieurs s\u00e9ances (4 s\u00e9ances dont 1 offerte) sport en piscine + robot professionnel drainant qui casse les mol\u00e9cules de graisses utilis\u00e9 en thalasso<\/strong><\/li>\n<\/ul>\n\n\n\n<ul class=\"wp-block-list\">\n<li><em>Aqua Carte Zen<\/em><strong> pour choisir \u00e0 la carte ce dont vous avez envie<\/strong><\/li>\n<\/ul>\n\n\n\n<p><strong> <\/strong><\/p>\n\n\n\n<p><\/p>\n\n\n\n<figure class=\"wp-block-image size-full\"><img loading=\"lazy\" decoding=\"async\" width=\"1000\" height=\"1000\" src=\"https:\/\/aquaforzen.fr\/wp-content\/uploads\/2025\/05\/preview-2.jpg\" alt=\"\" class=\"wp-image-275\" srcset=\"https:\/\/aquaforzen.fr\/wp-content\/uploads\/2025\/05\/preview-2.jpg 1000w, https:\/\/aquaforzen.fr\/wp-content\/uploads\/2025\/05\/preview-2-300x300.jpg 300w, https:\/\/aquaforzen.fr\/wp-content\/uploads\/2025\/05\/preview-2-150x150.jpg 150w, https:\/\/aquaforzen.fr\/wp-content\/uploads\/2025\/05\/preview-2-768x768.jpg 768w\" sizes=\"auto, (max-width: 1000px) 100vw, 1000px\" \/><\/figure>\n","protected":false},"excerpt":{"rendered":"<p>Choisissez la formule adapt\u00e9e \u00e0 vos besoins<\/p>\n","protected":false},"author":2,"featured_media":0,"parent":0,"menu_order":0,"comment_status":"closed","ping_status":"closed","template":"","meta":{"footnotes":""},"class_list":["post-53","page","type-page","status-publish","hentry"],"_links":{"self":[{"href":"https:\/\/aquaforzen.fr\/index.php\/wp-json\/wp\/v2\/pages\/53","targetHints":{"allow":["GET"]}}],"collection":[{"href":"https:\/\/aquaforzen.fr\/index.php\/wp-json\/wp\/v2\/pages"}],"about":[{"href":"https:\/\/aquaforzen.fr\/index.php\/wp-json\/wp\/v2\/types\/page"}],"author":[{"embeddable":true,"href":"https:\/\/aquaforzen.fr\/index.php\/wp-json\/wp\/v2\/users\/2"}],"replies":[{"embeddable":true,"href":"https:\/\/aquaforzen.fr\/index.php\/wp-json\/wp\/v2\/comments?post=53"}],"version-history":[{"count":12,"href":"https:\/\/aquaforzen.fr\/index.php\/wp-json\/wp\/v2\/pages\/53\/revisions"}],"predecessor-version":[{"id":277,"href":"https:\/\/aquaforzen.fr\/index.php\/wp-json\/wp\/v2\/pages\/53\/revisions\/277"}],"wp:attachment":[{"href":"https:\/\/aquaforzen.fr\/index.php\/wp-json\/wp\/v2\/media?parent=53"}],"curies":[{"name":"wp","href":"https:\/\/api.w.org\/{rel}","templated":true}]}}